-7?
5
Suppose -3*m = m - 4. Let r be 27/(-18)*(-68)/3. Suppose -r - m = -5*a. What is the units digit of a?
7
Suppose 8 = 3*b - 2*b. Suppose -b = -4*y - 2*l, -4*l - 9 + 1 = -4*y. Suppose 0 = -4*a + 3*v + 4, -y*v + 2 = 2*a - 0*a. What is the units digit of a?
1
Suppose -2*m + 5*l - 19 = 0, 4*l - 3 = 4*m + l. Let w = 5 - m. Suppose -10 = 2*i, -2*s + 2 = s + w*i. What is the units digit of s?
4
What is the units digit of ((-52248)/(-77))/8 - 4/(-22)?
5
Let o(c) = -36*c**3 - 2*c**2 + 1. Let y be o(-1). Let j be 2/3 - 13/(-3). Suppose -5*i + 35 = 2*w - 4*w, j*i = -4*w + y. What is the units digit of i?
7
Let s = 110 - 95. What is the tens digit of s?
1
Suppose 0 = 5*z + 4*p - 23, 3*z + p - 14 = -z. Suppose 0*g - g = -z. Suppose 2*v - 2 = -2*x + v, g*x - 4*v - 25 = 0. What is the units digit of x?
3
Let g be -7*(2 - (-40)/(-14)). Suppose g*w - w = 20. What is the units digit of 31/w - 2/(-8)?
8
Let a(l) = 4*l + 3 + 2*l - 5*l. Let n be (4 + 50/(-5))/(-1). What is the units digit of a(n)?
9
Let j(t) = 0*t**2 + 6*t - 3 + 0*t**2 + 0*t**2 - t**2. What is the units digit of j(5)?
2
Let g = -13 - -19. What is the units digit of 9 + (-3)/(g/4)?
7
Let z be 27 + 1 + (-24 - -19). Let o(t) = -t**2 + 5*t - 3. Let d be o(3). Let y = z - d. What is the units digit of y?
0
Let a(y) = -5*y**3 - 4*y**2 - 2*y - 3. Let j(l) = -11*l**3 - 8*l**2 - 5*l - 7. Let c(p) = 13*a(p) - 6*j(p). What is the tens digit of c(4)?
1
Suppose 4*f = 2*v - 170, -5*f - 91 = -2*v + v. What is the tens digit of v?
8
Suppose -h = 3*k - 7, 0*h - 5*h + 4*k = -92. Let z = -35 + h. Let n = -7 - z. What is the tens digit of n?
1
What is the hundreds digit of ((-30)/(-12) + -1)/((-2)/(-284))?
2
What is the units digit of ((-4185)/54)/(2/(-4))?
5
Let c(s) = -s**2 + 15*s - 12. What is the tens digit of c(10)?
3
Let l(h) = -34*h - 8. Let y be l(-5). Suppose 0 = -4*o + 2*j + y, -6*o + 182 = -2*o + 2*j. What is the tens digit of o?
4
Let v(a) = 7*a**3 - 2*a**2 + 2*a - 1. Let w be v(1). Suppose d + 2*x = -9, d - 2*x = 4*d + 15. Let m = w + d. What is the units digit of m?
3
Suppose a = 5*t + 281, -5*a - t + 0*t + 1301 = 0. What is the tens digit of a?
6
What is the hundreds digit of 2*(-858)/36*-3?
1
Let x = 0 + 5. Suppose 2*z = z + x. Suppose 0 = z*j - 5*o, 3*o - 8 = -5*j - 0*o. What is the units digit of j?
1
Let c be (1 + 1)/(4/78). Suppose u + 5 - c = 0. Let d = u - 20. What is the units digit of d?
4
Let g(n) = 14*n**3 - n**2. Let w be g(-1). Let j = -10 - w. What is the units digit of j?
5
What is the units digit of (3/2)/(3/218)?
9
Let d(z) = -5*z - 1. What is the hundreds digit of d(-26)?
1
Suppose 4*h + 38 = 2*a, 3*h - 5*a + 39 = -0*h. What is the units digit of h/(-12) - 26/(-6)?
5
Let m = 206 + -111. What is the units digit of m?
5
Suppose 2*a - 159 = 7*a + 3*d, -2*a - 4*d = 72. Let x = a + 69. What is the tens digit of x?
3
Let d(p) = p**2 - 1. Let m = 5 + 2. Suppose 4*y - h + m = -5, 0 = -5*y - 5*h - 15. What is the units digit of d(y)?
8
Let p = -20 - -39. What is the units digit of p?
9
Let f = 2 - -5. Let u(b) = b + 3. What is the tens digit of u(f)?
1
Suppose 0 = 3*r - 41 - 70. Suppose -7*w + p = -2*w + r, p - 16 = 2*w. Let z = w - -14. What is the units digit of z?
7
Let p = 13 + -13. Suppose a + 4*i = -3*a + 148, p = -a + 2*i + 25. What is the tens digit of a?
3
Suppose x - 21 - 12 = -3*f, -5*f = -10. What is the units digit of x?
7
Suppose -9*r = -6*r. Suppose r = -x - 1, -2*u + 2*x = 2*u - 162. What is the tens digit of u?
4
Suppose -2*c = 2*c + 4. Let v be (-1)/c*1*-3. What is the units digit of (-11)/((1 - -1) + v)?
1
Let g(z) = 32*z**2 - 10*z - 7. Let f(o) = -16*o**2 + 5*o + 3. Let s(q) = -5*f(q) - 2*g(q). Let l be s(4). What is the units digit of (-1)/(-4) - l/(-20)?
2
Let w be (-1)/(-2) + (-37)/2. What is the units digit of 9/w - (-21)/2?
0
Let z = -42 + 61. What is the units digit of z?
9
Let p(w) = w**2 + 7*w + 8. Let r be p(-6). Suppose -r*s = -0*s - 6. Suppose 5*c - l = -4*l + 13, 3*c - 3*l = s. What is the units digit of c?
2
Suppose u = -2*f + 2*u + 625, u + 1249 = 4*f. What is the hundreds digit of f?
3
Let q(o) = -3*o**3 - 5*o**2 + 2*o + 1. Let k be q(-4). Suppose 0 = -5*r + 15, 2*r = -s - 2*s + k. What is the units digit of s?
3
Let s(t) = 3*t**2 + t + 0 + 2 - 1 - 2*t**2. What is the units digit of s(0)?
1
What is the units digit of (34/(-10) + 3)/(2/(-180))?
6
Let y be (-1 - 2) + 0/(-5). What is the tens digit of (-4)/y*81/6?
1
Let w(h) = -2*h**3 - 2*h**2 + 2*h. Let g be w(-2). Suppose g*z - 5 = -1. Suppose z + 3 = 4*o. What is the units digit of o?
1
Suppose -5*a = -0*a - 15. Suppose -5*l + 26 = 5*m + 1, a*l = -5*m + 33. What is the units digit of m?
9
Let a = 19 + -15. What is the units digit of (-1)/(-2) - (-150)/a?
8
Let i(c) = -9*c**2 + 14*c + 6. Let f be i(6). What is the tens digit of f/(-5) - 9/(-45)?
4
Suppose -3*x - 10 = -8*x. Suppose -16 = -x*v + 32. What is the tens digit of v?
2
Let j = -11 - -2. Let s = 21 + j. What is the units digit of s?
2
Suppose 4*a + 4*j - 14 + 42 = 0, 5*a - 2*j = 0. Let i be (-4 - -8)*a/(-4). Suppose i*x - 3*x = -10. What is the units digit of x?
0
Suppose -4*d + 0*d - 828 = 0. What is the tens digit of d/(-8) - 1/(-8)?
2
Suppose -5*i + 3*i = 4. What is the units digit of (4/3)/i*-9?
6
Suppose 0 = -0*p - 3*p + 9. Let o = p - -2. What is the units digit of o?
5
Suppose n - 2 - 4 = 0. Let w = 11 - n. What is the units digit of w?
5
Let c(u) = -u - 2. Let b(p) be the third derivative of -p**6/30 - p**5/60 + p**4/12 - p**3/6 - p**2. Let d be b(1). What is the units digit of c(d)?
2
Let p = 502 + -190. What is the units digit of p?
2
Let t = 17 + -5. Let l be t/(-4 - -1) - -3. Let s(p) = -21*p**3 - 2*p**2 - p. What is the units digit of s(l)?
0
Let r = 17 - 10. Let u(i) be the first derivative of i**3/3 - 3*i**2 - 2*i + 2. What is the units digit of u(r)?
5
Let h = -5 + 13. What is the units digit of h?
8
Let n(w) = w**3 + 8*w**2 + 9*w. Let q be n(-6). Let l = q - 6. What is the tens digit of l?
1
Suppose -3*u + 15 = 6. Let t = u + 27. What is the tens digit of t?
3
Suppose 2*m + s - 270 = 0, -m - 149 = -2*m - 4*s. What is the tens digit of m?
3
Let d = 50 - -25. What is the tens digit of d?
7
Let c = -21 - -41. What is the units digit of c?
0
Let r = 182 - 4. What is the units digit of r?
8
Let j(n) = 6*n - 12. What is the tens digit of j(5)?
1
Let p be 6*((2 - -1) + -4). Let f(c) = c**2 + 7*c + 7. What is the units digit of f(p)?
1
Let o(r) = -r + 4. Let w be o(0). Suppose -2*z + 4 + 1 = -3*q, 4*q - 20 = -w*z. Suppose z*y - 4*n - 12 = 0, 0 = y - 5*n + n. What is the units digit of y?
4
Let l be 8 + (5 - (2 + 0)). Let n = 26 - l. What is the tens digit of n?
1
Let m(v) = v**2 - 8*v - 5. Suppose -3*d + 1 = -26. Let s be m(d). Suppose -2*x = -6, -s*r - 7 = -4*x - x. What is the units digit of r?
2
Let a(k) be the first derivative of 2*k**3/3 - k**2/2 + 4*k - 2. Let c be a(-3). Let p = c - 14. What is the tens digit of p?
1
Let n = 13 + -9. Suppose l - 8 = n. What is the tens digit of l?
1
Let s(c) = 4*c**3 + 2*c**2 - 4*c + 2. What is the units digit of s(2)?
4
Let a = 14 - 14. Let o(i) = -i**3 - i + 31. What is the units digit of o(a)?
1
Suppose -2*r = 3 + 1. Let y = 14 + -14. Let x = y - r. What is the units digit of x?
2
Let z = -110 + 194. What is the units digit of z?
4
Let d be (-1)/((-1)/2)*6. Let r = d + -7. What is the units digit of r?
5
Let u(h) = -h**2 - h. Let a be u(0). Suppose -10 = 5*l, -l - 4*l + 4 = 2*s. What is the units digit of a + (s - 2/1)?
5
Let s = -64 - -79. What is the tens digit of s?
1
Let j(o) = 4*o**2 + 4*o - 2. Let s be j(-5). Suppose 4*c - 3*w - 130 = 0, 2*c = 5*w - 10*w + s. Suppose -c + 9 = -5*m. What is the units digit of m?
5
What is the units digit of ((-58)/(-2))/(2 + (-5)/3)?
7
Suppose -y + 4 = -2. What is the units digit of (y/(-2))/(27/(-36))?
4
Suppose 2*j - 146 = -2*w, -4*j + 3*w + w + 308 = 0. Let s = j - 26. What is the tens digit of s?
4
Let i = -3 + 4. Let j be (3/i)/((-2)/(-2)). Suppose -5*t + 69 = -3*o, 35 = j*t - 5*o - 0*o. What is the tens digit of t?
1
Let m be 9/(-6)*4/(-6). Let y = 3 - m. What is the units digit of (y - 1)/((-1)/(-7))?
7
Let x = 11 - 0. What is the tens digit of x?
1
Let x be (-2)/12*-3*4. Suppose 0 = 2*t + r - 8, 3*t - x*t + r = 4. What is the units digit of t?
4